{"id":63,"date":"2021-12-08T15:44:33","date_gmt":"2021-12-08T15:44:33","guid":{"rendered":"https:\/\/finetech.ma\/?page_id=63"},"modified":"2021-12-08T16:05:58","modified_gmt":"2021-12-08T16:05:58","slug":"coach-gestion-du-poids","status":"publish","type":"page","link":"https:\/\/finetech.ma\/?page_id=63","title":{"rendered":"Coach gestion du poids"},"content":{"rendered":"\n\n  <div class=\"banner has-hover has-parallax\" id=\"banner-1189918797\">\n          <div class=\"banner-inner fill\">\n        <div class=\"banner-bg fill\" data-parallax=\"-3\" data-parallax-container=\".banner\" data-parallax-background>\n            <div class=\"bg fill bg-fill \"><\/div>\n                                    \n                    <\/div>\n        <div class=\"banner-layers container\">\n            <div class=\"fill banner-link\"><\/div>            \n\n   <div id=\"text-box-828881784\" class=\"text-box banner-layer x50 md-x5 lg-x5 y50 md-y25 lg-y25 res-text\">\n                     <div data-animate=\"fadeInLeft\">           <div class=\"text-box-content text dark\">\n              \n              <div class=\"text-inner text-center\">\n                  \n\n\t<div id=\"text-4011944050\" class=\"text\">\n\t\t\n\n<h3 class=\"alt-font\"><span style=\"color: #000000;\">Coach gestion du poids<\/span><\/h3>\n<p><span style=\"color: #000000;\">Notre coach San\u00e2a BENABDELLAH\u00a0 certifi\u00e9e par l\u2019enseignement de l\u2019U.E, vous propose un accompagnement personnalis\u00e9 qui vous aidera \u00e0 vous d\u00e9couvrir, \u00e0 d\u00e9finir de v\u00e9ritables objectifs de vie, au-del\u00e0 de la simple perte de poids, \u00e0 restaurer le plaisir de manger sainement et \u00e0 prendre soin de soi.<\/span><\/p>\n\t\t\n<style>\n#text-4011944050 {\n  text-align: center;\n}\n<\/style>\n\t<\/div>\n\t\n\n              <\/div>\n           <\/div>\n       <\/div>                     \n<style>\n#text-box-828881784 {\n  width: 80%;\n}\n#text-box-828881784 .text-box-content {\n  font-size: 100%;\n}\n@media (min-width:550px) {\n  #text-box-828881784 {\n    width: 48%;\n  }\n}\n<\/style>\n    <\/div>\n \n\n        <\/div>\n      <\/div>\n\n            \n<style>\n#banner-1189918797 {\n  padding-top: 540px;\n}\n#banner-1189918797 .bg.bg-loaded {\n  background-image: url(https:\/\/finetech.ma\/wp-content\/uploads\/2021\/12\/scales-and-measuring-tape-on-yellow-background-we-2021-09-02-21-29-13-utc.jpg);\n}\n#banner-1189918797 .bg {\n  background-position: 35% 23%;\n}\n<\/style>\n  <\/div>\n\n\n<div class=\"row row-collapse row-full-width align-middle\"  id=\"row-1990854462\">\n\n\n\t<div id=\"col-1910626322\" class=\"col small-17 large-12\"  >\n\t\t\t\t<div class=\"col-inner\"  >\n\t\t\t\n\t\t\t\n\n<div class=\"container section-title-container\" ><h3 class=\"section-title section-title-center\"><b><\/b><span class=\"section-title-main\" >-<\/span><b><\/b><\/h3><\/div>\n\n<p style=\"text-align: center;\"><span style=\"color: #282828;\">Les probl\u00e8mes de poids n\u2019arrivent pas par hasard, ils surviennent suite \u00e0 des blocages \u00e9motionnels, ils sont l\u2019expression physiologique d\u2019un besoin profond de changement. Il faut donc r\u00e9\u00e9quilibrer les facteurs non alimentaires qui sont li\u00e9s \u00e0 vos pens\u00e9es, vos \u00e9motions et revoir vos valeurs.<\/span><\/p>\n<p style=\"text-align: center;\"><span style=\"color: #282828;\">Et c\u2019est apr\u00e8s cette \u00e9tape que les modifications alimentaires (sans frustration) donneront des r\u00e9sultats rapides et durables bye bye effet yo yo.<\/span><\/p>\n<p style=\"text-align: center;\"><span style=\"color: #282828;\">Ainsi votre cerveau sera votre alli\u00e9 et r\u00e9pondra \u00e0 votre demande de vouloir se lib\u00e9rer du poids en trop et retrouver votre sant\u00e9 et bien-\u00eatre.<\/span><\/p>\n\n\t\t<\/div>\n\t\t\t\t\n<style>\n#col-1910626322 > .col-inner {\n  padding: 0px 10% 0px 10%;\n}\n<\/style>\n\t<\/div>\n\n\t\n\n<\/div>\n\n","protected":false},"excerpt":{"rendered":"","protected":false},"author":1,"featured_media":0,"parent":0,"menu_order":0,"comment_status":"closed","ping_status":"closed","template":"page-blank.php","meta":{"footnotes":""},"class_list":["post-63","page","type-page","status-publish","hentry"],"_links":{"self":[{"href":"https:\/\/finetech.ma\/index.php?rest_route=\/wp\/v2\/pages\/63","targetHints":{"allow":["GET"]}}],"collection":[{"href":"https:\/\/finetech.ma\/index.php?rest_route=\/wp\/v2\/pages"}],"about":[{"href":"https:\/\/finetech.ma\/index.php?rest_route=\/wp\/v2\/types\/page"}],"author":[{"embeddable":true,"href":"https:\/\/finetech.ma\/index.php?rest_route=\/wp\/v2\/users\/1"}],"replies":[{"embeddable":true,"href":"https:\/\/finetech.ma\/index.php?rest_route=%2Fwp%2Fv2%2Fcomments&post=63"}],"version-history":[{"count":6,"href":"https:\/\/finetech.ma\/index.php?rest_route=\/wp\/v2\/pages\/63\/revisions"}],"predecessor-version":[{"id":82,"href":"https:\/\/finetech.ma\/index.php?rest_route=\/wp\/v2\/pages\/63\/revisions\/82"}],"wp:attachment":[{"href":"https:\/\/finetech.ma\/index.php?rest_route=%2Fwp%2Fv2%2Fmedia&parent=63"}],"curies":[{"name":"wp","href":"https:\/\/api.w.org\/{rel}","templated":true}]}}